{"id":6169,"date":"2023-08-28T10:07:27","date_gmt":"2023-08-28T08:07:27","guid":{"rendered":"https:\/\/kemtag.fr\/agri\/?post_type=product&#038;p=6169"},"modified":"2023-08-28T10:39:05","modified_gmt":"2023-08-28T08:39:05","slug":"tracktag","status":"publish","type":"product","link":"https:\/\/agri.kemtag.fr\/index.php\/produit\/tracktag\/","title":{"rendered":"TrackTag"},"content":{"rendered":"<p><u><b>Description :<\/b><\/u><\/p>\n<p>Le bo\u00eetier Tracktag est un <b>compteur d\u2019activit\u00e9 multifonction<\/b> muni d\u2019un <b>GPS<\/b> et permettant le transfert des informations en <b>temps-r\u00e9el <\/b>\u00e0 la plate-forme Kemtag. Sa connectique M12 \u00e9tanche permet de connecter tout type de capteur\u00a0: interrupteur fin de course, pressostat, sonde de temp\u00e9rature, d\u00e9bitm\u00e8tre, , PT1000, Allume-cigare\u2026<\/p>\n<p>Le responsable peut donc visualiser en temps-r\u00e9el sur la plate-forme Kemtag l\u2019activit\u00e9 du mat\u00e9riel, sa g\u00e9olocalisation et savoir qui utilise le mat\u00e9riel.<\/p>\n<p>La visualisation s\u2019effectue sur la plate-forme web Kemtag sous la forme <b>d\u2019agenda<\/b> et de <b>courbes d\u2019activit\u00e9<\/b>.<\/p>\n<p>Le Bo\u00eetier TrackTag dispose d\u2019une <b>batterie interne, <\/b>il reste donc op\u00e9rationnel m\u00eame si l\u2019alimentation du mat\u00e9riel est coup\u00e9.<\/p>\n<p>Le responsable peut \u00e9galement configurer des <b>Alarmes<\/b>. Il peut donc \u00eatre inform\u00e9 par SMS lors d\u2019une <b>sortie d\u2019une zone g\u00e9ographique<\/b> pr\u00e9d\u00e9finie, <b>utilisation hors r\u00e9servation<\/b>&#8230;<\/p>\n<p>R\u00e9cup\u00e9ration et transferts de donn\u00e9es des Compteurs OGO et PTO<\/p>\n<p>Le compteur TrackTag simplifie le suivi des entretiens en donnant les heures d\u2019utilisation et les distances parcourues permettant ainsi le <b>maintien en condition op\u00e9rationnelle<\/b> de votre mat\u00e9riel et l\u2019optimisation des co\u00fbts d\u2019entretien.<\/p>\n<p>Associ\u00e9 \u00e0 la plateforme Kemtag, il permet de r\u00e9aliser la maintenance pr\u00e9ventive et de g\u00e9n\u00e9rer les alarmes p\u00e9riodiques d\u2019entretien bas\u00e9e sur l\u2019utilisation r\u00e9elle du mat\u00e9riel.<\/p>\n<p>Associ\u00e9 \u00e0 un compteur connect\u00e9 OGO, il permettra de mesurer la surface travaill\u00e9 d\u2019un outil, de g\u00e9olocaliser l\u2019activit\u00e9 et de visualiser ces informations en temps r\u00e9el sur la plate-forme Kemtag et sur l\u2019application mobile.<\/p>\n<p>Option\u00a0:<\/p>\n<ul>\n<li>Tag BLE pour identification automatique du chauffeur ou du mat\u00e9riel.<\/li>\n<li>Capteur et Faisceau d\u00e9di\u00e9 sur demande.<\/li>\n<\/ul>\n<p><u><b>Caract\u00e9ristiques techniques\u00a0:<\/b><\/u><\/p>\n<p>Alimentation sur r\u00e9seau<b> 12<\/b><b>Vdc<\/b><b>&#8211;<\/b><b>24Vdc<\/b><\/p>\n<p>Connectique M12 <b>\u00e9tanche<\/b><\/p>\n<p>Entr\u00e9e de comptage par <b>contact SEC<\/b><\/p>\n<p>Entr\u00e9e de comptage par <b>pr\u00e9sence tension<\/b><\/p>\n<p>Entr\u00e9e de mesure temp\u00e9rature PT1000<\/p>\n<p>Dimension : 90*90*50mm<\/p>\n<p>G\u00e9olocalisation par <strong>GPS<\/strong><\/p>\n<p>Connectivit\u00e9\u00a0: <strong>BLE et LTEM<\/strong><\/p>\n","protected":false},"excerpt":{"rendered":"<p>Le bo\u00eetier Tracktag est un <b>compteur d\u2019activit\u00e9 multifonction<\/b> muni d\u2019un <b>GPS<\/b> et permettant le transfert des informations en <b>temps-r\u00e9el <\/b>\u00e0 la plate-forme Kemtag. Sa connectique M12 \u00e9tanche permet de connecter tout type de capteur\u00a0: interrupteur fin de course, pressostat, sonde de temp\u00e9rature, d\u00e9bitm\u00e8tre, PT1000, Allume-cigare&#8230;<\/p>\n<p><b>Fonctionnalit\u00e9<\/b><b> d<\/b><b>u<\/b><b> <\/b><b>bo\u00eetier <\/b><b>TrackTag<\/b> <b>:\u00a0 <\/b><\/p>\n<ul>\n<li>Compteur d\u2019unit\u00e9s et de temps<\/li>\n<li>Compteur horaire \u00e0 vibration<\/li>\n<li>Compteur de surfaces<\/li>\n<li>Compteur de distance<\/li>\n<li>Compteur d\u2019heure sur Prise Allume Cigare<\/li>\n<li>Compteur de consommation<\/li>\n<li>G\u00e9olocalisation des activit\u00e9s<\/li>\n<li>Alarme d\u2019activit\u00e9 sans r\u00e9servations<\/li>\n<li>Alarme de fonctionnement hors-zone<\/li>\n<\/ul>\n<p>Le Bo\u00eetier TrackTag dispose d\u2019une <b>batterie interne<\/b><\/p>\n<p>Alimentation sur r\u00e9seau<b> 12<\/b><b>Vdc<\/b><b>&#8211;<\/b><b>24Vdc<\/b><\/p>\n<p>Fonctionnement possible avec des Tags Chauffeur<\/p>\n<p>R\u00e9cup\u00e9ration et transferts de donn\u00e9es des Compteurs OGO et PTO<\/p>\n","protected":false},"featured_media":6171,"template":"","meta":[],"product_cat":[15,88],"product_tag":[44,45,46,89,86,87],"class_list":["post-6169","product","type-product","status-publish","has-post-thumbnail","hentry","product_cat-non-classe","product_cat-compteur","product_tag-compteur-activite","product_tag-compteur-agricole","product_tag-compteur-connecte","product_tag-compteur-hectare","product_tag-compteur-horaire-agricole","product_tag-compteur-prise-de-force"],"_links":{"self":[{"href":"https:\/\/agri.kemtag.fr\/index.php\/wp-json\/wp\/v2\/product\/6169","targetHints":{"allow":["GET"]}}],"collection":[{"href":"https:\/\/agri.kemtag.fr\/index.php\/wp-json\/wp\/v2\/product"}],"about":[{"href":"https:\/\/agri.kemtag.fr\/index.php\/wp-json\/wp\/v2\/types\/product"}],"wp:featuredmedia":[{"embeddable":true,"href":"https:\/\/agri.kemtag.fr\/index.php\/wp-json\/wp\/v2\/media\/6171"}],"wp:attachment":[{"href":"https:\/\/agri.kemtag.fr\/index.php\/wp-json\/wp\/v2\/media?parent=6169"}],"wp:term":[{"taxonomy":"product_cat","embeddable":true,"href":"https:\/\/agri.kemtag.fr\/index.php\/wp-json\/wp\/v2\/product_cat?post=6169"},{"taxonomy":"product_tag","embeddable":true,"href":"https:\/\/agri.kemtag.fr\/index.php\/wp-json\/wp\/v2\/product_tag?post=6169"}],"curies":[{"name":"wp","href":"https:\/\/api.w.org\/{rel}","templated":true}]}}