{"id":5157,"date":"2022-12-20T09:38:10","date_gmt":"2022-12-20T08:38:10","guid":{"rendered":"https:\/\/kemtag.eu\/?page_id=5157"},"modified":"2023-08-28T16:17:14","modified_gmt":"2023-08-28T14:17:14","slug":"plate-forme-kemtag","status":"publish","type":"page","link":"https:\/\/agri.kemtag.fr\/index.php\/plate-forme-kemtag\/","title":{"rendered":"Plate-forme Kemtag"},"content":{"rendered":"<div class=\"fusion-fullwidth fullwidth-box fusion-builder-row-1 fusion-flex-container has-pattern-background has-mask-background nonhundred-percent-fullwidth non-hundred-percent-height-scrolling\" style=\"--awb-border-radius-top-left:0px;--awb-border-radius-top-right:0px;--awb-border-radius-bottom-right:0px;--awb-border-radius-bottom-left:0px;--awb-flex-wrap:wrap;\" ><div class=\"fusion-builder-row fusion-row fusion-flex-align-items-flex-start fusion-flex-content-wrap\" style=\"max-width:calc( 1100px + 0px );margin-left: calc(-0px \/ 2 );margin-right: calc(-0px \/ 2 );\"><div class=\"fusion-layout-column fusion_builder_column fusion-builder-column-0 fusion_builder_column_1_1 1_1 fusion-flex-column\" style=\"--awb-bg-size:cover;--awb-width-large:100%;--awb-margin-top-large:0px;--awb-spacing-right-large:0;--awb-margin-bottom-large:20px;--awb-spacing-left-large:0;--awb-width-medium:100%;--awb-order-medium:0;--awb-spacing-right-medium:0;--awb-spacing-left-medium:0;--awb-width-small:100%;--awb-order-small:0;--awb-spacing-right-small:0;--awb-spacing-left-small:0;\"><div class=\"fusion-column-wrapper fusion-column-has-shadow fusion-flex-justify-content-flex-start fusion-content-layout-column\"><div class=\"fusion-woo-product-slider fusion-woo-slider\"><div class=\"awb-carousel awb-swiper awb-swiper-carousel fusion-carousel-title-below-image\" data-metacontent=\"yes\" data-autoplay=\"no\" data-columns=\"5\" data-itemmargin=\"13\" data-itemwidth=\"180\" data-touchscroll=\"no\" data-imagesize=\"fixed\"><div class=\"swiper-wrapper\"><div class=\"swiper-slide\"><div class=\"fusion-classic-product-image-wrapper\"><div class=\"fusion-carousel-item-wrapper\"><div  class=\"fusion-image-wrapper fusion-image-size-fixed\" aria-haspopup=\"true\">\n\t\t\t\t<div class=\"fusion-woo-badges-wrapper\">\n<\/div>\t\t\t<a href=\"https:\/\/agri.kemtag.fr\/index.php\/produit\/compteur-horaire-pto\/\" aria-label=\"Compteur Horaire PTO\">\n\t\t\t\t\t\t\t<img decoding=\"async\" width=\"177\" height=\"142\" src=\"https:\/\/agri.kemtag.fr\/wp-content\/uploads\/2023\/08\/Compteur-horaire-PTO-1200_1200-177x142.png\" class=\"attachment-portfolio-five size-portfolio-five wp-post-image\" alt=\"Compteur horaire PTO connect\u00e9 d\u00e9di\u00e8 aux suivi des outils anim\u00e9s par prise de force : broyeur, herse, faucheuse...\" \/><div class=\"cart-loading\"><i class=\"awb-icon-spinner\" aria-hidden=\"true\"><\/i><\/div>\t\t\t<\/a>\n\t\t\t\t\t\t\t<\/div>\n<h4 class=\"fusion-carousel-title product-title\"><a href=\"https:\/\/agri.kemtag.fr\/index.php\/produit\/compteur-horaire-pto\/\" target=\"_self\">Compteur Horaire PTO<\/a><\/h4><div class=\"fusion-carousel-meta\"><\/div><\/div><\/div><\/div><div class=\"swiper-slide\"><div class=\"fusion-classic-product-image-wrapper\"><div class=\"fusion-carousel-item-wrapper\"><div  class=\"fusion-image-wrapper fusion-image-size-fixed\" aria-haspopup=\"true\">\n\t\t\t\t<div class=\"fusion-woo-badges-wrapper\">\n<\/div>\t\t\t<a href=\"https:\/\/agri.kemtag.fr\/index.php\/produit\/hubodometre-ogo\/\" aria-label=\"Hubodom\u00e8tre OGO\">\n\t\t\t\t\t\t\t<img decoding=\"async\" width=\"177\" height=\"142\" src=\"https:\/\/agri.kemtag.fr\/wp-content\/uploads\/2023\/08\/2022_03-compteur-OGO-177x142.png\" class=\"attachment-portfolio-five size-portfolio-five wp-post-image\" alt=\"Compte-tour connect\u00e9 pour le suivi d activit\u00e9 du mat\u00e9riel\" \/><div class=\"cart-loading\"><i class=\"awb-icon-spinner\" aria-hidden=\"true\"><\/i><\/div>\t\t\t<\/a>\n\t\t\t\t\t\t\t<\/div>\n<h4 class=\"fusion-carousel-title product-title\"><a href=\"https:\/\/agri.kemtag.fr\/index.php\/produit\/hubodometre-ogo\/\" target=\"_self\">Hubodom\u00e8tre OGO<\/a><\/h4><div class=\"fusion-carousel-meta\"><\/div><\/div><\/div><\/div><div class=\"swiper-slide\"><div class=\"fusion-classic-product-image-wrapper\"><div class=\"fusion-carousel-item-wrapper\"><div  class=\"fusion-image-wrapper fusion-image-size-fixed\" aria-haspopup=\"true\">\n\t\t\t\t<div class=\"fusion-woo-badges-wrapper\">\n<\/div>\t\t\t<a href=\"https:\/\/agri.kemtag.fr\/index.php\/produit\/tracktag\/\" aria-label=\"TrackTag\">\n\t\t\t\t\t\t\t<img decoding=\"async\" width=\"177\" height=\"142\" src=\"https:\/\/agri.kemtag.fr\/wp-content\/uploads\/2023\/08\/Compteur-horaire-Tracktag-GPS-LTEM-1200_1200-177x142.png\" class=\"attachment-portfolio-five size-portfolio-five wp-post-image\" alt=\"Compteur horaire TrackTag multifonction avec GPS et carte SIM d\u00e9di\u00e8 au suivi du materiel agricole. Mesure temps utilisation, surface, positionnement en temps r\u00e9el.\" \/><div class=\"cart-loading\"><i class=\"awb-icon-spinner\" aria-hidden=\"true\"><\/i><\/div>\t\t\t<\/a>\n\t\t\t\t\t\t\t<\/div>\n<h4 class=\"fusion-carousel-title product-title\"><a href=\"https:\/\/agri.kemtag.fr\/index.php\/produit\/tracktag\/\" target=\"_self\">TrackTag<\/a><\/h4><div class=\"fusion-carousel-meta\"><\/div><\/div><\/div><\/div><\/div><\/div><\/div><\/div><\/div><\/div><\/div>\n","protected":false},"excerpt":{"rendered":"","protected":false},"author":1,"featured_media":0,"parent":0,"menu_order":0,"comment_status":"closed","ping_status":"closed","template":"100-width.php","meta":{"footnotes":""},"class_list":["post-5157","page","type-page","status-publish","hentry"],"_links":{"self":[{"href":"https:\/\/agri.kemtag.fr\/index.php\/wp-json\/wp\/v2\/pages\/5157","targetHints":{"allow":["GET"]}}],"collection":[{"href":"https:\/\/agri.kemtag.fr\/index.php\/wp-json\/wp\/v2\/pages"}],"about":[{"href":"https:\/\/agri.kemtag.fr\/index.php\/wp-json\/wp\/v2\/types\/page"}],"author":[{"embeddable":true,"href":"https:\/\/agri.kemtag.fr\/index.php\/wp-json\/wp\/v2\/users\/1"}],"replies":[{"embeddable":true,"href":"https:\/\/agri.kemtag.fr\/index.php\/wp-json\/wp\/v2\/comments?post=5157"}],"version-history":[{"count":2,"href":"https:\/\/agri.kemtag.fr\/index.php\/wp-json\/wp\/v2\/pages\/5157\/revisions"}],"predecessor-version":[{"id":6200,"href":"https:\/\/agri.kemtag.fr\/index.php\/wp-json\/wp\/v2\/pages\/5157\/revisions\/6200"}],"wp:attachment":[{"href":"https:\/\/agri.kemtag.fr\/index.php\/wp-json\/wp\/v2\/media?parent=5157"}],"curies":[{"name":"wp","href":"https:\/\/api.w.org\/{rel}","templated":true}]}}